{"id":12,"date":"2017-03-20T23:29:12","date_gmt":"2017-03-20T22:29:12","guid":{"rendered":"http:\/\/www.kuehn-international.de\/martin\/wordpress\/?page_id=12"},"modified":"2025-08-26T09:17:25","modified_gmt":"2025-08-26T07:17:25","slug":"impressum","status":"publish","type":"page","link":"https:\/\/www.kuehn-international.de\/?page_id=12","title":{"rendered":"Impressum"},"content":{"rendered":"<p>Seitenbetreiber:<\/p>\n\n\n\n<p>K\u00fchn International Speditionsgesellschaft mbH<br> An der M\u00fchle 14<br> D-30989 Gehrden<\/p>\n\n\n\n<p>Tel.: 0049 5109 &#8211; 3121<br>\nFax: 0049 5109 &#8211; 3705<\/p>\n\n\n\n<p><a href=\"mailto:&#x69;&#x6e;&#x66;&#x6f;&#x40;&#x6b;&#x75;&#x65;&#x68;&#x6e;&#x2d;&#x69;&#x6e;&#x74;&#x65;&#x72;&#x6e;&#x61;&#x74;&#x69;&#x6f;&#x6e;&#x61;&#x6c;&#x2e;&#x64;&#x65;\"><span class=\"oe_textdirection\">&#x65;&#x64;&#x2e;&#x6c;&#x61;&#x6e;&#x6f;&#x69;&#x74;&#x61;&#x6e;&#x72;&#x65;&#x74;&#x6e;&#x69;&#x2d;&#x6e;&#x68;&#x65;&#x75;&#x6b;<span class=\"oe_displaynone\">null<\/span>&#x40;&#x6f;&#x66;&#x6e;&#x69;<\/span><\/a><\/p>\n\n\n\n<p>Die Gesellschaft ist eine GmbH mit Sitz in 30989 Gehrden, Reg.-Ger. Hannover HRB 102209<\/p>\n\n\n\n<p>Gesch\u00e4ftsf\u00fchrer:<br> Ulrich K\u00fchn<\/p>\n\n\n\n<p>USt.-IdNr.: DE 115509932<\/p>\n\n\n\n<p>Ansprechpartner:<br>\nMartin K\u00fchn<\/p>\n\n\n\n<p><a href=\"mailto:&#x6a;&#x6d;&#x6b;&#x40;&#x6b;&#x75;&#x65;&#x68;&#x6e;&#x2d;&#x69;&#x6e;&#x74;&#x65;&#x72;&#x6e;&#x61;&#x74;&#x69;&#x6f;&#x6e;&#x61;&#x6c;&#x2e;&#x64;&#x65;\"><span class=\"oe_textdirection\">&#x65;&#x64;&#x2e;&#x6c;&#x61;&#x6e;&#x6f;&#x69;&#x74;&#x61;&#x6e;&#x72;&#x65;&#x74;&#x6e;&#x69;&#x2d;&#x6e;&#x68;&#x65;&#x75;&#x6b;<span class=\"oe_displaynone\">null<\/span>&#x40;&#x6b;&#x6d;&#x6a;<\/span><\/a><\/p>\n\n\n\n<p>&nbsp;<\/p>","protected":false},"excerpt":{"rendered":"<p>Seitenbetreiber: K\u00fchn International Speditionsgesellschaft mbH An der M\u00fchle 14 D-30989 Gehrden Tel.: 0049 5109 &#8211; 3121 Fax: 0049 5109 &#8211; 3705 &#x65;&#x64;&#x2e;&#x6c;&#x61;&#x6e;&#x6f;&#x69;&#x74;&#x61;&#x6e;&#x72;&#x65;&#x74;&#x6e;&#x69;&#x2d;&#x6e;&#x68;&#x65;&#x75;&#x6b;null&#x40;&#x6f;&#x66;&#x6e;&#x69; Die Gesellschaft ist eine GmbH mit Sitz in 30989 Gehrden, Reg.-Ger. Hannover HRB 102209 Gesch\u00e4ftsf\u00fchrer: Ulrich K\u00fchn USt.-IdNr.: DE 115509932 Ansprechpartner: Martin K\u00fchn &#x65;&#x64;&#x2e;&#x6c;&#x61;&#x6e;&#x6f;&#x69;&#x74;&#x61;&#x6e;&#x72;&#x65;&#x74;&#x6e;&#x69;&#x2d;&#x6e;&#x68;&#x65;&#x75;&#x6b;null&#x40;&#x6b;&#x6d;&#x6a; &nbsp;<\/p>\n","protected":false},"author":1,"featured_media":0,"parent":0,"menu_order":0,"comment_status":"closed","ping_status":"closed","template":"","meta":{"footnotes":""},"class_list":["post-12","page","type-page","status-publish","hentry"],"_links":{"self":[{"href":"https:\/\/www.kuehn-international.de\/index.php?rest_route=\/wp\/v2\/pages\/12","targetHints":{"allow":["GET"]}}],"collection":[{"href":"https:\/\/www.kuehn-international.de\/index.php?rest_route=\/wp\/v2\/pages"}],"about":[{"href":"https:\/\/www.kuehn-international.de\/index.php?rest_route=\/wp\/v2\/types\/page"}],"author":[{"embeddable":true,"href":"https:\/\/www.kuehn-international.de\/index.php?rest_route=\/wp\/v2\/users\/1"}],"replies":[{"embeddable":true,"href":"https:\/\/www.kuehn-international.de\/index.php?rest_route=%2Fwp%2Fv2%2Fcomments&post=12"}],"version-history":[{"count":8,"href":"https:\/\/www.kuehn-international.de\/index.php?rest_route=\/wp\/v2\/pages\/12\/revisions"}],"predecessor-version":[{"id":102,"href":"https:\/\/www.kuehn-international.de\/index.php?rest_route=\/wp\/v2\/pages\/12\/revisions\/102"}],"wp:attachment":[{"href":"https:\/\/www.kuehn-international.de\/index.php?rest_route=%2Fwp%2Fv2%2Fmedia&parent=12"}],"curies":[{"name":"wp","href":"https:\/\/api.w.org\/{rel}","templated":true}]}}